.
-3
Let j(q) = q**3 + 10*q**2 - 25*q - 6. Suppose 938 = -134*z - 670. Determine j(z).
6
Let v(f) = -11*f. Let l(b) = 65*b + 1. Let m(p) = -l(p) - 5*v(p). What is m(-3)?
29
Let x be 5 + 116/(-20) - 844/(-5). Suppose -12 - x = -15*p. Let k(q) = q**3 - 11*q**2 - 12*q - 5. Give k(p).
-5
Let q(j) be the third derivative of 0*j + 1/120*j**6 + 21*j**2 - 5/6*j**3 + 1/24*j**4 + 0 + 0*j**5. Determine q(0).
-5
Suppose 0 = 4*w + 5*h - 3*h - 274, 0 = -2*w + 5*h + 143. Let x = 67 - w. Let a(l) = -7*l + l + 6*l + 2*l + 2. Calculate a(x).
-2
Let j be 3712/348 + (-8)/(-6). Let l(o) = 16*o - 185. Give l(j).
7
Let s(o) = 536*o - 881*o + 36 + 348*o. What is s(-16)?
-12
Let w be (170/(-30))/((-5)/15). Let y(f) = 5 - f + w*f + 4 - 18*f. Give y(4).
1
Let r = 46 + 5. Let y be (16/(-6))/8*r. Let i = y - -21. Let b(d) = -d**3 + 4*d**2 - 2*d + 6. Determine b(i).
-2
Let a(x) = 5*x - 48. Let q be a(10). Suppose 0*f = q*f, -i - f = -6. Let o(m) be the second derivative of -m**4/6 + 4*m**3/3 - 3*m**2 + 3*m. Determine o(i).
-30
Let s(k) be the first derivative of -16*k - k**2 - 12*k + 0*k - 5 + 4 - 36. Determine s(-12).
-4
Let l(o) = o - 5. Let j be l(-5). Let q(a) = -2*a - 15. Let b be q(j). Let w(h) = 3*h**2 - 1 + 0*h**2 - b*h**2 - 2*h. Give w(-2).
-5
Let s(o) = -o**3 - 18*o**2 - 2*o - 15. Let m(a) = -2*a**3 + 26*a**2 - 65*a + 24. Let v be m(2). Give s(v).
21
Let h be (6/8)/(70/(-280)). Let n(o) = -41 + o**3 + o + 44 + 4*o**2 - 3*o**2. Give n(h).
-18
Let i(s) be the second derivative of s**6/144 - s**5/30 + s**4/12 + 25*s**3/6 + 120*s. Let a(j) be the third derivative of i(j). Give a(5).
21
Suppose 0 = -43*v + 520 - 133. Let f be 11 - ((14 - v) + -8). Let h(m) = -m**2 + 13*m + 9. Determine h(f).
-5
Let z(x) = -3*x**3 - x**2 + 1. Suppose -4 = 18*r - 20*r. Let o be (-2)/(-6) + r/(-6)*-26. Let h be 3*(-12)/o + 5. What is z(h)?
-3
Suppose -22*b = -1976 - 158. Let h(n) = b*n**3 - 6*n**2 - 9*n - 3 + 93*n**3 + 2 - 189*n**3. What is h(7)?
-15
Let f(i) be the first derivative of -i**4/4 + i**3/3 - 3252. Let o = 0 + -6. Let k be 4/o*3/(-2). Calculate f(k).
0
Suppose 0*u + 3*u - 34 = -5*l, 0 = 3*u - 2*l + 1. Let f(t) = t**2 - t. Let s(n) = -2*n**2 + 3*n + 1. Let v(d) = u*s(d) + 5*f(d). Let w = -14 + 18. What is v(w)?
3
Let p(m) = m + 18. Let w(o) = 5*o + 71. Let c(z) = 9*p(z) - 2*w(z). Give c(13).
7
Let f be (-3 - (-15)/6)*-6. Let g(p) = -26*p - 7 + f*p + p. Let j(v) = -33*v - 11. Let o(s) = -8*g(s) + 5*j(s). Give o(1).
12
Let c(z) = -z**3 - 6*z**2 - 1. Let q be 2295/6*(-20)/(-25). Let w = q + -312. Calculate c(w).
-1
Let g(c) = c**3 + 2*c**2 - 2*c - 6. Let f be (-9 + 9)/((-4 - 2)/3). Calculate g(f).
-6
Let h = 1937 + -1946. Let l(z) = 4*z + 17. Determine l(h).
-19
Let c(s) be the second derivative of s**5/20 - 5*s**4/6 - 11*s**3/3 + 7*s**2/2 - 153*s + 2. Give c(12).
31
Suppose -4 = -0*g - 2*g. Let q(k) = 22*k + 20. Let b(l) = -7*l - 6. Let h(c) = 20*b(c) + 6*q(c). Give h(g).
-16
Let j = 14786 - 14782. Let w(c) = -49*c - 3*c**2 + 49*c + c**3 - 4. Give w(j).
12
Let a(l) = 24*l - 44. Let d(m) = -m**3 + 13*m**2 + 14*m + 6. Let k be d(14). Let i(t) = t - k*t + 32 - 23. Let v(u) = -3*a(u) - 14*i(u). Determine v(6).
-6
Let f(g) = g**3 - 6*g**2 + 3*g + 12. Let k be ((-48)/(-18))/((40/15)/4). Give f(k).
-8
Let p be 1/((-8*2/(-24))/(80/24)). Let l(w) = -3*w**2 + 20*w - 21. Determine l(p).
4
Let v(x) be the third derivative of 43*x**4/24 - 509*x**3/6 + 277*x**2 - 14*x. Give v(12).
7
Let q be 18/(-4) + (-6264)/(-1392). Let t(u) = -u**2 + 2*u - 10. Give t(q).
-10
Let l(u) be the second derivative of 0 + 1/3*u**3 + 23*u - 13/2*u**2. Calculate l(9).
5
Suppose 357*t = 373*t - 0 + 320. Let i(k) = 6*k + 126. Determine i(t).
6
Let w(k) = 4*k**2 + k - 101*k**3 - 102*k**3 + 308*k**3 - 104*k**3 + 2*k. Suppose -3*n = -5*f - 4 - 0, 0 = -5*f - 3*n - 16. Give w(f).
2
Let s(t) = 38*t + 157. Let o be s(-4). Suppose k + 0 = 5*d - 22, -o = 5*k - 4*d. Let b(g) = g**2 - g + 4. Give b(k).
10
Let s(c) = -c - 3 - 7*c + c**2 + 13*c. Suppose 2*q = 48*g - 46*g + 2, 0 = 2*q + 8. Determine s(g).
-3
Let c(y) be the third derivative of 0 - 1/360*y**6 + 0*y + 34*y**2 + 7/2*y**3 + 1/24*y**4 + 0*y**5. Let l(o) be the first derivative of c(o). Give l(-2).
-3
Let d(p) = -p**3 - 16*p**2 + 7*p - 10. Suppose 5*v + 105 = -5*o, -2*v + 26*o - 21*o - 7 = 0. Give d(v).
-122
Let d(q) = 2*q**2 - 2*q + 1. Let h(o) = 12*o**2 + 39*o + 10. Let i(w) = -4*d(w) + h(w). Determine i(-12).
18
Let p(t) = t**3 - t**2 - 2*t - 1. Let d(q) = 8*q**2 - 3*q - 1. Let l be d(2). Suppose x = 5*g - 50, 9*g + 4*x - l = 4*g. Suppose -4*f + 1 - g = 0. Give p(f).
-9
Let i(r) = r**3 - 14*r**2 + 2. Let n(f) = -25*f - 93. Let d be n(-5). Suppose -5*q - 21 = 2*g - 89, -2*q + 4*g + d = 0. Give i(q).
2
Let w(v) = -6*v**2 + 49*v + 30. Let l(f) = -f**2 + 9*f + 1. Let n(x) = 5*l(x) - w(x). What is n(8)?
7
Let z(v) be the second derivative of v**4/12 + 3*v**3 + 14*v**2 - v. Let m(l) = l**3 + 13*l**2 + 48*l + 26. Let f be m(-7). Calculate z(f).
-4
Let k(w) = -w**2 + 2. Let p(h) = -18*h**3 - 3*h - 2. Let x be p(-1). Let q(g) = g**3 - 18*g**2 - 20*g + 19. Let i be q(x). Give k(i).
2
Let f(a) = 21*a**2 + 112*a + 41. Let d be f(-5). Let v(z) = 2*z**2 - 12*z - 3. What is v(d)?
-3
Let x be (-4)/(-10) + (-42)/5. Let d(s) be the third derivative of s**6/120 + 3*s**5/20 + 5*s**4/12 + 2*s**3 + 58904*s**2. Calculate d(x).
-4
Let i(y) = y. Let m be 208/2*(102/(-12) + 9). Suppose -3 + 7 = -n, -4*l + 4*n = -248. Let k = m - l. Determine i(k).
-6
Let g(h) = -5*h - 48. Let u(x) = -16*x - 112. Let l(m) = -7*g(m) + 3*u(m). Suppose 3*z - 4*f = 7, -4*z - 2*f = 10 + 10. Give l(z).
39
Let g(k) = -7*k**3 - 25*k**2 - 7*k - 30. Let d(m) = -9*m**3 - 29*m**2 - 8*m - 33. Let b(o) = 4*d(o) - 5*g(o). Calculate b(8).
106
Suppose 265*y + 5195 + 5477 = 1132. Let r(q) = 2*q**2 + 80*q + 288. Determine r(y).
0
Let f(d) = -28*d + 699. Let m(y) = -615*y + 15490. Let w(s) = 45*f(s) - 2*m(s). Give w(16).
-5
Let g(q) = 55*q - 8*q - 12*q - 16*q - 18*q. Suppose 0 = -5*m - 0 - 5. Let s(w) = w. Let j(h) = m*s(h) - 4*g(h). Determine j(1).
-5
Let c(t) be the first derivative of 8*t**3/3 + 64*t**2 + 4*t - 1750. Give c(-16).
4
Let q(j) = -j + 2. Suppose 6*g + 84 = 9*g. Suppose g - 25 = 3*c. Let a(n) = 3*n - 3. Let m(u) = c*a(u) + 4*q(u). Calculate m(0).
5
Let a(q) = -951*q + 13. Let k be a(0). Let r(b) = 7*b - 77. Give r(k).
14
Suppose -5*o + 4 = -7*o, h = 2*o + 24. Suppose 4*w + 2*y + 2*y = -h, -5*y - 9 = w. Let r(b) = -b**3 - 3*b**2 + 4*b. Determine r(w).
0
Let i be -3*1 - (9 + -14). Let x(l) be the first derivative of 4*l + 4*l + 56 - 69 + l**i. Calculate x(-8).
-8
Let s be (-12 - -13) + (-4)/8*14. Let h(q) = q**3 + 6*q**2 + q + 15. Determine h(s).
9
Let p(w) = 6*w**3 + w**2 - 14*w + 3. Let v(f) = -2*f**3 - f - 4*f**3 - f**2 + 2*f**3 + 5*f**3. Let s(n) = p(n) - 5*v(n). Give s(-7).
17
Let i(s) = 120 - s**2 + 37*s + 21*s - 21*s + 83. Determine i(-5).
-7
Let z(u) = -u**2 - 10*u + 13. Suppose 17*r = 50 - 237. Let n be z(r). Let c(y) = 2*y**3 - 2*y - 1. Give c(n).
11
Suppose -105 = 5*y + 2*y. Let i be y/((-60)/16 - -3). Let w be 10/(-45) - 1/((-9)/i). Let c(j) = j**3 - 4*j**2 + j - 2. What is c(w)?
-8
Let a(w) = 3*w**2 + 48*w - 1. Let n be a(-16). Let t(q) = -q**2 + q - 1. Let y(o) = -o**2 - o - 8. Let h(l) = n*y(l) + 3*t(l). Calculate h(5).
-25
Suppose 6 - 18 = 3*q, 3*m + 20 = -2*q. Let u(v) = v**3 + 4*v**2 + 5*v + 15. Determine u(m).
-5
Suppose 2*l = -2*w + 12 - 44, -w + 24 = -l. Let z(b) = b**3 + 20*b**2 - b - 26. What is z(l)?
-6
Let y(t) = t**3 - 7*t**2 - t. Suppose -12*x = 457 - 37. Let l be 212/28 - (-20)/x. Determine y(l).
-7
Let v(w) = 3*w + 2. Let o be (5*49/35)/((-1)/5). Let l = o - -23. Let m(g) = g**3 + 12*g**2 - g - 8. Let t be m(l). Give v(t).
14
Let k(x) be the third derivative of -2*x**5/15 - x**4/8 - x**3/3 - 2*x**2 - 975*x. Calculate k(3).
-83
Let z(y) be the first derivative of 5*y**2/2 + 7*y - 2114. Determine z(3).
22
Let c(w) = w**3 - 273*w**2 - 2 - 3*w - 274*w**2 - 272*w**2 + 1088*w**2 - 274*w**2. Let a be 1*18/3 + 0. What is c(a)?
16
Let l(s) = -10 + 5019*s - 2560*s - 2458*s. Give l(-3).
-13
Let o(p) be the third derivative of p**5/30 - 7*p**4/24 + 5*p**3/6 + p**2. Let f be (6 - 2)*(-13 + 14). Calculate o(f).
9
Suppose 0 = 12*r - 358 + 310. Let q(m) = -m + 6. Calculate q(r).
2
Let t(p) = -107*p*